{"id":388,"date":"2021-03-16T12:01:34","date_gmt":"2021-03-16T17:01:34","guid":{"rendered":"https:\/\/libreriaminutodedios.com\/?post_type=product&#038;p=388"},"modified":"2025-05-19T14:15:41","modified_gmt":"2025-05-19T19:15:41","slug":"solo-jesus-puede-sanarte-por-que-lo-dudas","status":"publish","type":"product","link":"https:\/\/libreriaminutodedios.com\/?product=solo-jesus-puede-sanarte-por-que-lo-dudas","title":{"rendered":"\u00a1Solo Jes\u00fas puede sanarte! \u00bfPor qu\u00e9 lo dudas?"},"content":{"rendered":"<p><span style=\"font-weight: 400;\">El padre Jos\u00e9 Eugenio Hoyos, manifiesta su gratitud a Dios, por dejarnos sentir su Divina Misericordia en la multitud de sanaciones y milagros que la humanidad est\u00e9 testimoniando y experimentando.<\/span><\/p>\n<p>&nbsp;<\/p>\n<p><span style=\"font-weight: 400;\">Comparte con los lectores la alegr\u00eda de la noticia que todos esperamos y es que: \u201c\u00a1s\u00f3lo Jes\u00fas puede sanarte! \u00bfPor qu\u00e9 lo dudas?\u201d. En cada p\u00e1gina, cap\u00edtulo o palabra, se descubrir\u00e1 que en cada, milagro, sanaci\u00f3n y liberaci\u00f3n de Jes\u00fas, se encuentra la misericordia Divina del Maestro.<\/span><\/p>\n<p>&nbsp;<\/p>\n<p><span style=\"font-weight: 400;\">Como Asesor de la Renovaci\u00f3n Cat\u00f3lica Carism\u00e1tica en su Di\u00f3cesis, por mucho tiempo en las escuelas de Sanaci\u00f3n e Intercesi\u00f3n, ha hecho \u00e9nfasis en este asunto que es fundamental para centrarnos directamente en la figura de Cristo, por eso es su deseo que en cada comunidad, en cada grupo de oraci\u00f3n y dentro de la Iglesia Cat\u00f3lica, se forme a los parroquianos para que centren su fe en Cristo y no en las personas.<\/span><\/p>\n","protected":false},"excerpt":{"rendered":"<p><span style=\"font-weight: 400;\">El padre Jos\u00e9 Eugenio Hoyos, manifiesta su gratitud a Dios, por dejarnos sentir su Divina Misericordia en la multitud de sanaciones y milagros que la humanidad est\u00e9 testimoniando y experimentando.<\/span><\/p>\n<p>&nbsp;<\/p>\n<p><span style=\"font-weight: 400;\">Comparte con los lectores la alegr\u00eda de la noticia que todos esperamos y es que: \u201c\u00a1s\u00f3lo Jes\u00fas puede sanarte! \u00bfPor qu\u00e9 lo dudas?\u201d. En cada p\u00e1gina, cap\u00edtulo o palabra, se descubrir\u00e1 que en cada, milagro, sanaci\u00f3n y liberaci\u00f3n de Jes\u00fas, se encuentra la misericordia Divina del Maestro.<\/span><\/p>\n<p>&nbsp;<\/p>\n<p><span style=\"font-weight: 400;\">Como Asesor de la Renovaci\u00f3n Cat\u00f3lica Carism\u00e1tica en su Di\u00f3cesis, por mucho tiempo en las escuelas de Sanaci\u00f3n e Intercesi\u00f3n, ha hecho \u00e9nfasis en este asunto que es fundamental para centrarnos directamente en la figura de Cristo, por eso es su deseo que en cada comunidad, en cada grupo de oraci\u00f3n y dentro de la Iglesia Cat\u00f3lica, se forme a los parroquianos para que centren su fe en Cristo y no en las personas.<\/span><\/p>\n","protected":false},"featured_media":12363,"comment_status":"open","ping_status":"closed","template":"","meta":{"_acf_changed":false},"product_brand":[],"product_cat":[615,162,617,624],"product_tag":[298,299,490,296,297],"class_list":{"0":"post-388","1":"product","2":"type-product","3":"status-publish","4":"has-post-thumbnail","6":"product_cat-colecciones","7":"product_cat-libros","8":"product_cat-esperanza","9":"product_cat-editorial-minuto-de-dios","10":"product_tag-promesas-de-dios","11":"product_tag-quien-contra-mi","12":"product_tag-editorial-md","13":"product_tag-dios-responde","14":"product_tag-el-me-sanare","16":"first","17":"instock","18":"purchasable","19":"product-type-simple"},"acf":[],"yoast_head":"<!-- This site is optimized with the Yoast SEO plugin v27.6 - https:\/\/yoast.com\/product\/yoast-seo-wordpress\/ -->\n<title>\u00a1Solo Jes\u00fas puede sanarte! \u00bfPor qu\u00e9 lo dudas? - Librer\u00eda Minuto de Dios<\/title>\n<meta name=\"robots\" content=\"index, follow, max-snippet:-1, max-image-preview:large, max-video-preview:-1\" \/>\n<link rel=\"canonical\" href=\"https:\/\/libreriaminutodedios.com\/producto\/solo-jesus-puede-sanarte-por-que-lo-dudas\/\" \/>\n<meta property=\"og:locale\" content=\"es_ES\" \/>\n<meta property=\"og:type\" content=\"article\" \/>\n<meta property=\"og:title\" content=\"\u00a1Solo Jes\u00fas puede sanarte! \u00bfPor qu\u00e9 lo dudas? - Librer\u00eda Minuto de Dios\" \/>\n<meta property=\"og:description\" content=\"El padre Jos\u00e9 Eugenio Hoyos, manifiesta su gratitud a Dios, por dejarnos sentir su Divina Misericordia en la multitud de sanaciones y milagros que la humanidad est\u00e9 testimoniando y experimentando.  &nbsp;  Comparte con los lectores la alegr\u00eda de la noticia que todos esperamos y es que: \u201c\u00a1s\u00f3lo Jes\u00fas puede sanarte! \u00bfPor qu\u00e9 lo dudas?\u201d. En cada p\u00e1gina, cap\u00edtulo o palabra, se descubrir\u00e1 que en cada, milagro, sanaci\u00f3n y liberaci\u00f3n de Jes\u00fas, se encuentra la misericordia Divina del Maestro.  &nbsp;  Como Asesor de la Renovaci\u00f3n Cat\u00f3lica Carism\u00e1tica en su Di\u00f3cesis, por mucho tiempo en las escuelas de Sanaci\u00f3n e Intercesi\u00f3n, ha hecho \u00e9nfasis en este asunto que es fundamental para centrarnos directamente en la figura de Cristo, por eso es su deseo que en cada comunidad, en cada grupo de oraci\u00f3n y dentro de la Iglesia Cat\u00f3lica, se forme a los parroquianos para que centren su fe en Cristo y no en las personas.\" \/>\n<meta property=\"og:url\" content=\"https:\/\/libreriaminutodedios.com\/producto\/solo-jesus-puede-sanarte-por-que-lo-dudas\/\" \/>\n<meta property=\"og:site_name\" content=\"Librer\u00eda Minuto de Dios\" \/>\n<meta property=\"article:modified_time\" content=\"2025-05-19T19:15:41+00:00\" \/>\n<meta property=\"og:image\" content=\"https:\/\/libreriaminutodedios.com\/wp-content\/uploads\/2021\/03\/96.png\" \/>\n\t<meta property=\"og:image:width\" content=\"1080\" \/>\n\t<meta property=\"og:image:height\" content=\"1080\" \/>\n\t<meta property=\"og:image:type\" content=\"image\/png\" \/>\n<meta name=\"twitter:card\" content=\"summary_large_image\" \/>\n<meta name=\"twitter:label1\" content=\"Tiempo de lectura\" \/>\n\t<meta name=\"twitter:data1\" content=\"1 minuto\" \/>\n<script type=\"application\/ld+json\" class=\"yoast-schema-graph\">{\"@context\":\"https:\\\/\\\/schema.org\",\"@graph\":[{\"@type\":\"WebPage\",\"@id\":\"https:\\\/\\\/libreriaminutodedios.com\\\/producto\\\/solo-jesus-puede-sanarte-por-que-lo-dudas\\\/\",\"url\":\"https:\\\/\\\/libreriaminutodedios.com\\\/producto\\\/solo-jesus-puede-sanarte-por-que-lo-dudas\\\/\",\"name\":\"\u00a1Solo Jes\u00fas puede sanarte! \u00bfPor qu\u00e9 lo dudas? - Librer\u00eda Minuto de Dios\",\"isPartOf\":{\"@id\":\"https:\\\/\\\/libreriaminutodedios.com\\\/#website\"},\"primaryImageOfPage\":{\"@id\":\"https:\\\/\\\/libreriaminutodedios.com\\\/producto\\\/solo-jesus-puede-sanarte-por-que-lo-dudas\\\/#primaryimage\"},\"image\":{\"@id\":\"https:\\\/\\\/libreriaminutodedios.com\\\/producto\\\/solo-jesus-puede-sanarte-por-que-lo-dudas\\\/#primaryimage\"},\"thumbnailUrl\":\"https:\\\/\\\/libreriaminutodedios.com\\\/wp-content\\\/uploads\\\/2021\\\/03\\\/96.png\",\"datePublished\":\"2021-03-16T17:01:34+00:00\",\"dateModified\":\"2025-05-19T19:15:41+00:00\",\"breadcrumb\":{\"@id\":\"https:\\\/\\\/libreriaminutodedios.com\\\/producto\\\/solo-jesus-puede-sanarte-por-que-lo-dudas\\\/#breadcrumb\"},\"inLanguage\":\"es\",\"potentialAction\":[{\"@type\":\"ReadAction\",\"target\":[\"https:\\\/\\\/libreriaminutodedios.com\\\/producto\\\/solo-jesus-puede-sanarte-por-que-lo-dudas\\\/\"]}]},{\"@type\":\"ImageObject\",\"inLanguage\":\"es\",\"@id\":\"https:\\\/\\\/libreriaminutodedios.com\\\/producto\\\/solo-jesus-puede-sanarte-por-que-lo-dudas\\\/#primaryimage\",\"url\":\"https:\\\/\\\/libreriaminutodedios.com\\\/wp-content\\\/uploads\\\/2021\\\/03\\\/96.png\",\"contentUrl\":\"https:\\\/\\\/libreriaminutodedios.com\\\/wp-content\\\/uploads\\\/2021\\\/03\\\/96.png\",\"width\":1080,\"height\":1080},{\"@type\":\"BreadcrumbList\",\"@id\":\"https:\\\/\\\/libreriaminutodedios.com\\\/producto\\\/solo-jesus-puede-sanarte-por-que-lo-dudas\\\/#breadcrumb\",\"itemListElement\":[{\"@type\":\"ListItem\",\"position\":1,\"name\":\"Portada\",\"item\":\"https:\\\/\\\/libreriaminutodedios.com\\\/\"},{\"@type\":\"ListItem\",\"position\":2,\"name\":\"Tienda\",\"item\":\"https:\\\/\\\/libreriaminutodedios.com\\\/?page_id=2895\"},{\"@type\":\"ListItem\",\"position\":3,\"name\":\"\u00a1Solo Jes\u00fas puede sanarte! \u00bfPor qu\u00e9 lo dudas?\"}]},{\"@type\":\"WebSite\",\"@id\":\"https:\\\/\\\/libreriaminutodedios.com\\\/#website\",\"url\":\"https:\\\/\\\/libreriaminutodedios.com\\\/\",\"name\":\"Librer\u00eda Minuto de Dios\",\"description\":\"Sitio oficial de la Librer\u00eda Minuto de Dios\",\"publisher\":{\"@id\":\"https:\\\/\\\/libreriaminutodedios.com\\\/#organization\"},\"alternateName\":\"Tienda Minuto de Dios\",\"potentialAction\":[{\"@type\":\"SearchAction\",\"target\":{\"@type\":\"EntryPoint\",\"urlTemplate\":\"https:\\\/\\\/libreriaminutodedios.com\\\/?s={search_term_string}\"},\"query-input\":{\"@type\":\"PropertyValueSpecification\",\"valueRequired\":true,\"valueName\":\"search_term_string\"}}],\"inLanguage\":\"es\"},{\"@type\":\"Organization\",\"@id\":\"https:\\\/\\\/libreriaminutodedios.com\\\/#organization\",\"name\":\"Corporaci\u00f3n Centro Carism\u00e1tico Minuto de Dios\",\"alternateName\":\"Minuto de Dios\",\"url\":\"https:\\\/\\\/libreriaminutodedios.com\\\/\",\"logo\":{\"@type\":\"ImageObject\",\"inLanguage\":\"es\",\"@id\":\"https:\\\/\\\/libreriaminutodedios.com\\\/#\\\/schema\\\/logo\\\/image\\\/\",\"url\":\"https:\\\/\\\/libreriaminutodedios.com\\\/wp-content\\\/uploads\\\/2024\\\/09\\\/logo-libreria.png\",\"contentUrl\":\"https:\\\/\\\/libreriaminutodedios.com\\\/wp-content\\\/uploads\\\/2024\\\/09\\\/logo-libreria.png\",\"width\":400,\"height\":138,\"caption\":\"Corporaci\u00f3n Centro Carism\u00e1tico Minuto de Dios\"},\"image\":{\"@id\":\"https:\\\/\\\/libreriaminutodedios.com\\\/#\\\/schema\\\/logo\\\/image\\\/\"}}]}<\/script>\n<!-- \/ Yoast SEO plugin. -->","yoast_head_json":{"title":"\u00a1Solo Jes\u00fas puede sanarte! \u00bfPor qu\u00e9 lo dudas? - Librer\u00eda Minuto de Dios","robots":{"index":"index","follow":"follow","max-snippet":"max-snippet:-1","max-image-preview":"max-image-preview:large","max-video-preview":"max-video-preview:-1"},"canonical":"https:\/\/libreriaminutodedios.com\/producto\/solo-jesus-puede-sanarte-por-que-lo-dudas\/","og_locale":"es_ES","og_type":"article","og_title":"\u00a1Solo Jes\u00fas puede sanarte! \u00bfPor qu\u00e9 lo dudas? - Librer\u00eda Minuto de Dios","og_description":"El padre Jos\u00e9 Eugenio Hoyos, manifiesta su gratitud a Dios, por dejarnos sentir su Divina Misericordia en la multitud de sanaciones y milagros que la humanidad est\u00e9 testimoniando y experimentando.  &nbsp;  Comparte con los lectores la alegr\u00eda de la noticia que todos esperamos y es que: \u201c\u00a1s\u00f3lo Jes\u00fas puede sanarte! \u00bfPor qu\u00e9 lo dudas?\u201d. En cada p\u00e1gina, cap\u00edtulo o palabra, se descubrir\u00e1 que en cada, milagro, sanaci\u00f3n y liberaci\u00f3n de Jes\u00fas, se encuentra la misericordia Divina del Maestro.  &nbsp;  Como Asesor de la Renovaci\u00f3n Cat\u00f3lica Carism\u00e1tica en su Di\u00f3cesis, por mucho tiempo en las escuelas de Sanaci\u00f3n e Intercesi\u00f3n, ha hecho \u00e9nfasis en este asunto que es fundamental para centrarnos directamente en la figura de Cristo, por eso es su deseo que en cada comunidad, en cada grupo de oraci\u00f3n y dentro de la Iglesia Cat\u00f3lica, se forme a los parroquianos para que centren su fe en Cristo y no en las personas.","og_url":"https:\/\/libreriaminutodedios.com\/producto\/solo-jesus-puede-sanarte-por-que-lo-dudas\/","og_site_name":"Librer\u00eda Minuto de Dios","article_modified_time":"2025-05-19T19:15:41+00:00","og_image":[{"width":1080,"height":1080,"url":"https:\/\/libreriaminutodedios.com\/wp-content\/uploads\/2021\/03\/96.png","type":"image\/png"}],"twitter_card":"summary_large_image","twitter_misc":{"Tiempo de lectura":"1 minuto"},"schema":{"@context":"https:\/\/schema.org","@graph":[{"@type":"WebPage","@id":"https:\/\/libreriaminutodedios.com\/producto\/solo-jesus-puede-sanarte-por-que-lo-dudas\/","url":"https:\/\/libreriaminutodedios.com\/producto\/solo-jesus-puede-sanarte-por-que-lo-dudas\/","name":"\u00a1Solo Jes\u00fas puede sanarte! \u00bfPor qu\u00e9 lo dudas? - Librer\u00eda Minuto de Dios","isPartOf":{"@id":"https:\/\/libreriaminutodedios.com\/#website"},"primaryImageOfPage":{"@id":"https:\/\/libreriaminutodedios.com\/producto\/solo-jesus-puede-sanarte-por-que-lo-dudas\/#primaryimage"},"image":{"@id":"https:\/\/libreriaminutodedios.com\/producto\/solo-jesus-puede-sanarte-por-que-lo-dudas\/#primaryimage"},"thumbnailUrl":"https:\/\/libreriaminutodedios.com\/wp-content\/uploads\/2021\/03\/96.png","datePublished":"2021-03-16T17:01:34+00:00","dateModified":"2025-05-19T19:15:41+00:00","breadcrumb":{"@id":"https:\/\/libreriaminutodedios.com\/producto\/solo-jesus-puede-sanarte-por-que-lo-dudas\/#breadcrumb"},"inLanguage":"es","potentialAction":[{"@type":"ReadAction","target":["https:\/\/libreriaminutodedios.com\/producto\/solo-jesus-puede-sanarte-por-que-lo-dudas\/"]}]},{"@type":"ImageObject","inLanguage":"es","@id":"https:\/\/libreriaminutodedios.com\/producto\/solo-jesus-puede-sanarte-por-que-lo-dudas\/#primaryimage","url":"https:\/\/libreriaminutodedios.com\/wp-content\/uploads\/2021\/03\/96.png","contentUrl":"https:\/\/libreriaminutodedios.com\/wp-content\/uploads\/2021\/03\/96.png","width":1080,"height":1080},{"@type":"BreadcrumbList","@id":"https:\/\/libreriaminutodedios.com\/producto\/solo-jesus-puede-sanarte-por-que-lo-dudas\/#breadcrumb","itemListElement":[{"@type":"ListItem","position":1,"name":"Portada","item":"https:\/\/libreriaminutodedios.com\/"},{"@type":"ListItem","position":2,"name":"Tienda","item":"https:\/\/libreriaminutodedios.com\/?page_id=2895"},{"@type":"ListItem","position":3,"name":"\u00a1Solo Jes\u00fas puede sanarte! \u00bfPor qu\u00e9 lo dudas?"}]},{"@type":"WebSite","@id":"https:\/\/libreriaminutodedios.com\/#website","url":"https:\/\/libreriaminutodedios.com\/","name":"Librer\u00eda Minuto de Dios","description":"Sitio oficial de la Librer\u00eda Minuto de Dios","publisher":{"@id":"https:\/\/libreriaminutodedios.com\/#organization"},"alternateName":"Tienda Minuto de Dios","potentialAction":[{"@type":"SearchAction","target":{"@type":"EntryPoint","urlTemplate":"https:\/\/libreriaminutodedios.com\/?s={search_term_string}"},"query-input":{"@type":"PropertyValueSpecification","valueRequired":true,"valueName":"search_term_string"}}],"inLanguage":"es"},{"@type":"Organization","@id":"https:\/\/libreriaminutodedios.com\/#organization","name":"Corporaci\u00f3n Centro Carism\u00e1tico Minuto de Dios","alternateName":"Minuto de Dios","url":"https:\/\/libreriaminutodedios.com\/","logo":{"@type":"ImageObject","inLanguage":"es","@id":"https:\/\/libreriaminutodedios.com\/#\/schema\/logo\/image\/","url":"https:\/\/libreriaminutodedios.com\/wp-content\/uploads\/2024\/09\/logo-libreria.png","contentUrl":"https:\/\/libreriaminutodedios.com\/wp-content\/uploads\/2024\/09\/logo-libreria.png","width":400,"height":138,"caption":"Corporaci\u00f3n Centro Carism\u00e1tico Minuto de Dios"},"image":{"@id":"https:\/\/libreriaminutodedios.com\/#\/schema\/logo\/image\/"}}]}},"_links":{"self":[{"href":"https:\/\/libreriaminutodedios.com\/index.php?rest_route=\/wp\/v2\/product\/388","targetHints":{"allow":["GET"]}}],"collection":[{"href":"https:\/\/libreriaminutodedios.com\/index.php?rest_route=\/wp\/v2\/product"}],"about":[{"href":"https:\/\/libreriaminutodedios.com\/index.php?rest_route=\/wp\/v2\/types\/product"}],"replies":[{"embeddable":true,"href":"https:\/\/libreriaminutodedios.com\/index.php?rest_route=%2Fwp%2Fv2%2Fcomments&post=388"}],"wp:featuredmedia":[{"embeddable":true,"href":"https:\/\/libreriaminutodedios.com\/index.php?rest_route=\/wp\/v2\/media\/12363"}],"wp:attachment":[{"href":"https:\/\/libreriaminutodedios.com\/index.php?rest_route=%2Fwp%2Fv2%2Fmedia&parent=388"}],"wp:term":[{"taxonomy":"product_brand","embeddable":true,"href":"https:\/\/libreriaminutodedios.com\/index.php?rest_route=%2Fwp%2Fv2%2Fproduct_brand&post=388"},{"taxonomy":"product_cat","embeddable":true,"href":"https:\/\/libreriaminutodedios.com\/index.php?rest_route=%2Fwp%2Fv2%2Fproduct_cat&post=388"},{"taxonomy":"product_tag","embeddable":true,"href":"https:\/\/libreriaminutodedios.com\/index.php?rest_route=%2Fwp%2Fv2%2Fproduct_tag&post=388"}],"curies":[{"name":"wp","href":"https:\/\/api.w.org\/{rel}","templated":true}]}}