{"id":18683,"date":"2026-02-20T17:26:05","date_gmt":"2026-02-20T22:26:05","guid":{"rendered":"https:\/\/libreriaminutodedios.com\/?post_type=product&#038;p=18683"},"modified":"2026-04-10T09:56:10","modified_gmt":"2026-04-10T14:56:10","slug":"discernimiento-de-carismas-y-ministerios","status":"publish","type":"product","link":"https:\/\/libreriaminutodedios.com\/?product=discernimiento-de-carismas-y-ministerios","title":{"rendered":"Discernimiento de Carismas y Ministerios"},"content":{"rendered":"<p>El curso de Discernimiento de Carismas y Ministerios promueve el clima de Pentecost\u00e9s, desde una profundizaci\u00f3n en la epistemolog\u00eda b\u00edblica de los carismas que contribuyan al discernimiento del llamado al ministerio espec\u00edfico. Es muy \u00fatil para comprender y vivir los carismas personales con proyecciones al crecimiento ministerial en las comunidades eclesiales.<\/p>\n<p><strong>Profesores:<\/strong> P. Diego Jaramillo, P. Javier Riveros, Fabio Camacho, Teol. Manuel Tenjo-Cogollo<br \/>\n<strong>Fecha:<\/strong> Inicio el 8 de abril, culminaci\u00f3n 27 de mayo. Modalidad virtual<\/p>\n<p><strong>Valor:<\/strong> $140.000 COP \/ $45 USD<\/p>\n<p><strong>Centro De Atenci\u00f3n Telef\u00f3nica:<\/strong> 601 5558484 Bogot\u00e1.<\/p>\n","protected":false},"excerpt":{"rendered":"<div class=\"x_elementToProof\" data-olk-copy-source=\"MessageBody\">\n<p>El curso de Discernimiento de Carismas y Ministerios promueve el clima de Pentecost\u00e9s, desde una profundizaci\u00f3n en la epistemolog\u00eda b\u00edblica de los carismas que contribuyan al discernimiento del llamado al ministerio espec\u00edfico. Es muy \u00fatil para comprender y vivir los carismas personales con proyecciones al crecimiento ministerial en las comunidades eclesiales.<\/p>\n<p><strong>Profesores:<\/strong> P. Diego Jaramillo, P. Javier Riveros, Fabio Camacho, Teol. Manuel Tenjo-Cogollo<br \/>\n<strong>Fecha:<\/strong> Inicio el 8 de abril, culminaci\u00f3n 27 de marzo. Modalidad virtual<\/p>\n<p><strong>Valor:<\/strong> $140.000 COP \/ $45 USD<\/p>\n<\/div>\n<div class=\"x_elementToProof\" data-olk-copy-source=\"MessageBody\">\n<p><strong>Moneda:<\/strong>[woocs]<\/p>\n<p>&nbsp;<\/p>\n<\/div>\n","protected":false},"featured_media":18684,"comment_status":"open","ping_status":"closed","template":"","meta":{"_acf_changed":false},"product_brand":[],"product_cat":[647,648],"product_tag":[],"class_list":{"0":"post-18683","1":"product","2":"type-product","3":"status-publish","4":"has-post-thumbnail","6":"product_cat-formacion","7":"product_cat-escalar","9":"first","10":"instock","11":"virtual","12":"purchasable","13":"product-type-simple"},"acf":[],"yoast_head":"<!-- This site is optimized with the Yoast SEO plugin v27.6 - https:\/\/yoast.com\/product\/yoast-seo-wordpress\/ -->\n<title>Discernimiento de Carismas y Ministerios - Librer\u00eda Minuto de Dios<\/title>\n<meta name=\"robots\" content=\"index, follow, max-snippet:-1, max-image-preview:large, max-video-preview:-1\" \/>\n<link rel=\"canonical\" href=\"https:\/\/libreriaminutodedios.com\/producto\/discernimiento-de-carismas-y-ministerios\/\" \/>\n<meta property=\"og:locale\" content=\"es_ES\" \/>\n<meta property=\"og:type\" content=\"article\" \/>\n<meta property=\"og:title\" content=\"Discernimiento de Carismas y Ministerios - Librer\u00eda Minuto de Dios\" \/>\n<meta property=\"og:description\" content=\"El curso de Discernimiento de Carismas y Ministerios promueve el clima de Pentecost\u00e9s, desde una profundizaci\u00f3n en la epistemolog\u00eda b\u00edblica de los carismas que contribuyan al discernimiento del llamado al ministerio espec\u00edfico. Es muy \u00fatil para comprender y vivir los carismas personales con proyecciones al crecimiento ministerial en las comunidades eclesiales.  Profesores: P. Diego Jaramillo, P. Javier Riveros, Fabio Camacho, Teol. Manuel Tenjo-Cogollo Fecha: Inicio el 8 de abril, culminaci\u00f3n 27 de marzo. Modalidad virtual  Valor: $140.000 COP \/ $45 USD     Moneda:  &nbsp;\" \/>\n<meta property=\"og:url\" content=\"https:\/\/libreriaminutodedios.com\/producto\/discernimiento-de-carismas-y-ministerios\/\" \/>\n<meta property=\"og:site_name\" content=\"Librer\u00eda Minuto de Dios\" \/>\n<meta property=\"article:modified_time\" content=\"2026-04-10T14:56:10+00:00\" \/>\n<meta property=\"og:image\" content=\"https:\/\/libreriaminutodedios.com\/wp-content\/uploads\/2026\/02\/discernimiento.jpg\" \/>\n\t<meta property=\"og:image:width\" content=\"667\" \/>\n\t<meta property=\"og:image:height\" content=\"1000\" \/>\n\t<meta property=\"og:image:type\" content=\"image\/jpeg\" \/>\n<meta name=\"twitter:card\" content=\"summary_large_image\" \/>\n<meta name=\"twitter:label1\" content=\"Tiempo de lectura\" \/>\n\t<meta name=\"twitter:data1\" content=\"1 minuto\" \/>\n<script type=\"application\/ld+json\" class=\"yoast-schema-graph\">{\"@context\":\"https:\\\/\\\/schema.org\",\"@graph\":[{\"@type\":\"WebPage\",\"@id\":\"https:\\\/\\\/libreriaminutodedios.com\\\/producto\\\/discernimiento-de-carismas-y-ministerios\\\/\",\"url\":\"https:\\\/\\\/libreriaminutodedios.com\\\/producto\\\/discernimiento-de-carismas-y-ministerios\\\/\",\"name\":\"Discernimiento de Carismas y Ministerios - Librer\u00eda Minuto de Dios\",\"isPartOf\":{\"@id\":\"https:\\\/\\\/libreriaminutodedios.com\\\/#website\"},\"primaryImageOfPage\":{\"@id\":\"https:\\\/\\\/libreriaminutodedios.com\\\/producto\\\/discernimiento-de-carismas-y-ministerios\\\/#primaryimage\"},\"image\":{\"@id\":\"https:\\\/\\\/libreriaminutodedios.com\\\/producto\\\/discernimiento-de-carismas-y-ministerios\\\/#primaryimage\"},\"thumbnailUrl\":\"https:\\\/\\\/libreriaminutodedios.com\\\/wp-content\\\/uploads\\\/2026\\\/02\\\/discernimiento.jpg\",\"datePublished\":\"2026-02-20T22:26:05+00:00\",\"dateModified\":\"2026-04-10T14:56:10+00:00\",\"breadcrumb\":{\"@id\":\"https:\\\/\\\/libreriaminutodedios.com\\\/producto\\\/discernimiento-de-carismas-y-ministerios\\\/#breadcrumb\"},\"inLanguage\":\"es\",\"potentialAction\":[{\"@type\":\"ReadAction\",\"target\":[\"https:\\\/\\\/libreriaminutodedios.com\\\/producto\\\/discernimiento-de-carismas-y-ministerios\\\/\"]}]},{\"@type\":\"ImageObject\",\"inLanguage\":\"es\",\"@id\":\"https:\\\/\\\/libreriaminutodedios.com\\\/producto\\\/discernimiento-de-carismas-y-ministerios\\\/#primaryimage\",\"url\":\"https:\\\/\\\/libreriaminutodedios.com\\\/wp-content\\\/uploads\\\/2026\\\/02\\\/discernimiento.jpg\",\"contentUrl\":\"https:\\\/\\\/libreriaminutodedios.com\\\/wp-content\\\/uploads\\\/2026\\\/02\\\/discernimiento.jpg\",\"width\":667,\"height\":1000},{\"@type\":\"BreadcrumbList\",\"@id\":\"https:\\\/\\\/libreriaminutodedios.com\\\/producto\\\/discernimiento-de-carismas-y-ministerios\\\/#breadcrumb\",\"itemListElement\":[{\"@type\":\"ListItem\",\"position\":1,\"name\":\"Portada\",\"item\":\"https:\\\/\\\/libreriaminutodedios.com\\\/\"},{\"@type\":\"ListItem\",\"position\":2,\"name\":\"Tienda\",\"item\":\"https:\\\/\\\/libreriaminutodedios.com\\\/?page_id=2895\"},{\"@type\":\"ListItem\",\"position\":3,\"name\":\"Discernimiento de Carismas y Ministerios\"}]},{\"@type\":\"WebSite\",\"@id\":\"https:\\\/\\\/libreriaminutodedios.com\\\/#website\",\"url\":\"https:\\\/\\\/libreriaminutodedios.com\\\/\",\"name\":\"Librer\u00eda Minuto de Dios\",\"description\":\"Sitio oficial de la Librer\u00eda Minuto de Dios\",\"publisher\":{\"@id\":\"https:\\\/\\\/libreriaminutodedios.com\\\/#organization\"},\"alternateName\":\"Tienda Minuto de Dios\",\"potentialAction\":[{\"@type\":\"SearchAction\",\"target\":{\"@type\":\"EntryPoint\",\"urlTemplate\":\"https:\\\/\\\/libreriaminutodedios.com\\\/?s={search_term_string}\"},\"query-input\":{\"@type\":\"PropertyValueSpecification\",\"valueRequired\":true,\"valueName\":\"search_term_string\"}}],\"inLanguage\":\"es\"},{\"@type\":\"Organization\",\"@id\":\"https:\\\/\\\/libreriaminutodedios.com\\\/#organization\",\"name\":\"Corporaci\u00f3n Centro Carism\u00e1tico Minuto de Dios\",\"alternateName\":\"Minuto de Dios\",\"url\":\"https:\\\/\\\/libreriaminutodedios.com\\\/\",\"logo\":{\"@type\":\"ImageObject\",\"inLanguage\":\"es\",\"@id\":\"https:\\\/\\\/libreriaminutodedios.com\\\/#\\\/schema\\\/logo\\\/image\\\/\",\"url\":\"https:\\\/\\\/libreriaminutodedios.com\\\/wp-content\\\/uploads\\\/2024\\\/09\\\/logo-libreria.png\",\"contentUrl\":\"https:\\\/\\\/libreriaminutodedios.com\\\/wp-content\\\/uploads\\\/2024\\\/09\\\/logo-libreria.png\",\"width\":400,\"height\":138,\"caption\":\"Corporaci\u00f3n Centro Carism\u00e1tico Minuto de Dios\"},\"image\":{\"@id\":\"https:\\\/\\\/libreriaminutodedios.com\\\/#\\\/schema\\\/logo\\\/image\\\/\"}}]}<\/script>\n<!-- \/ Yoast SEO plugin. -->","yoast_head_json":{"title":"Discernimiento de Carismas y Ministerios - Librer\u00eda Minuto de Dios","robots":{"index":"index","follow":"follow","max-snippet":"max-snippet:-1","max-image-preview":"max-image-preview:large","max-video-preview":"max-video-preview:-1"},"canonical":"https:\/\/libreriaminutodedios.com\/producto\/discernimiento-de-carismas-y-ministerios\/","og_locale":"es_ES","og_type":"article","og_title":"Discernimiento de Carismas y Ministerios - Librer\u00eda Minuto de Dios","og_description":"El curso de Discernimiento de Carismas y Ministerios promueve el clima de Pentecost\u00e9s, desde una profundizaci\u00f3n en la epistemolog\u00eda b\u00edblica de los carismas que contribuyan al discernimiento del llamado al ministerio espec\u00edfico. Es muy \u00fatil para comprender y vivir los carismas personales con proyecciones al crecimiento ministerial en las comunidades eclesiales.  Profesores: P. Diego Jaramillo, P. Javier Riveros, Fabio Camacho, Teol. Manuel Tenjo-Cogollo Fecha: Inicio el 8 de abril, culminaci\u00f3n 27 de marzo. Modalidad virtual  Valor: $140.000 COP \/ $45 USD     Moneda:  &nbsp;","og_url":"https:\/\/libreriaminutodedios.com\/producto\/discernimiento-de-carismas-y-ministerios\/","og_site_name":"Librer\u00eda Minuto de Dios","article_modified_time":"2026-04-10T14:56:10+00:00","og_image":[{"width":667,"height":1000,"url":"https:\/\/libreriaminutodedios.com\/wp-content\/uploads\/2026\/02\/discernimiento.jpg","type":"image\/jpeg"}],"twitter_card":"summary_large_image","twitter_misc":{"Tiempo de lectura":"1 minuto"},"schema":{"@context":"https:\/\/schema.org","@graph":[{"@type":"WebPage","@id":"https:\/\/libreriaminutodedios.com\/producto\/discernimiento-de-carismas-y-ministerios\/","url":"https:\/\/libreriaminutodedios.com\/producto\/discernimiento-de-carismas-y-ministerios\/","name":"Discernimiento de Carismas y Ministerios - Librer\u00eda Minuto de Dios","isPartOf":{"@id":"https:\/\/libreriaminutodedios.com\/#website"},"primaryImageOfPage":{"@id":"https:\/\/libreriaminutodedios.com\/producto\/discernimiento-de-carismas-y-ministerios\/#primaryimage"},"image":{"@id":"https:\/\/libreriaminutodedios.com\/producto\/discernimiento-de-carismas-y-ministerios\/#primaryimage"},"thumbnailUrl":"https:\/\/libreriaminutodedios.com\/wp-content\/uploads\/2026\/02\/discernimiento.jpg","datePublished":"2026-02-20T22:26:05+00:00","dateModified":"2026-04-10T14:56:10+00:00","breadcrumb":{"@id":"https:\/\/libreriaminutodedios.com\/producto\/discernimiento-de-carismas-y-ministerios\/#breadcrumb"},"inLanguage":"es","potentialAction":[{"@type":"ReadAction","target":["https:\/\/libreriaminutodedios.com\/producto\/discernimiento-de-carismas-y-ministerios\/"]}]},{"@type":"ImageObject","inLanguage":"es","@id":"https:\/\/libreriaminutodedios.com\/producto\/discernimiento-de-carismas-y-ministerios\/#primaryimage","url":"https:\/\/libreriaminutodedios.com\/wp-content\/uploads\/2026\/02\/discernimiento.jpg","contentUrl":"https:\/\/libreriaminutodedios.com\/wp-content\/uploads\/2026\/02\/discernimiento.jpg","width":667,"height":1000},{"@type":"BreadcrumbList","@id":"https:\/\/libreriaminutodedios.com\/producto\/discernimiento-de-carismas-y-ministerios\/#breadcrumb","itemListElement":[{"@type":"ListItem","position":1,"name":"Portada","item":"https:\/\/libreriaminutodedios.com\/"},{"@type":"ListItem","position":2,"name":"Tienda","item":"https:\/\/libreriaminutodedios.com\/?page_id=2895"},{"@type":"ListItem","position":3,"name":"Discernimiento de Carismas y Ministerios"}]},{"@type":"WebSite","@id":"https:\/\/libreriaminutodedios.com\/#website","url":"https:\/\/libreriaminutodedios.com\/","name":"Librer\u00eda Minuto de Dios","description":"Sitio oficial de la Librer\u00eda Minuto de Dios","publisher":{"@id":"https:\/\/libreriaminutodedios.com\/#organization"},"alternateName":"Tienda Minuto de Dios","potentialAction":[{"@type":"SearchAction","target":{"@type":"EntryPoint","urlTemplate":"https:\/\/libreriaminutodedios.com\/?s={search_term_string}"},"query-input":{"@type":"PropertyValueSpecification","valueRequired":true,"valueName":"search_term_string"}}],"inLanguage":"es"},{"@type":"Organization","@id":"https:\/\/libreriaminutodedios.com\/#organization","name":"Corporaci\u00f3n Centro Carism\u00e1tico Minuto de Dios","alternateName":"Minuto de Dios","url":"https:\/\/libreriaminutodedios.com\/","logo":{"@type":"ImageObject","inLanguage":"es","@id":"https:\/\/libreriaminutodedios.com\/#\/schema\/logo\/image\/","url":"https:\/\/libreriaminutodedios.com\/wp-content\/uploads\/2024\/09\/logo-libreria.png","contentUrl":"https:\/\/libreriaminutodedios.com\/wp-content\/uploads\/2024\/09\/logo-libreria.png","width":400,"height":138,"caption":"Corporaci\u00f3n Centro Carism\u00e1tico Minuto de Dios"},"image":{"@id":"https:\/\/libreriaminutodedios.com\/#\/schema\/logo\/image\/"}}]}},"_links":{"self":[{"href":"https:\/\/libreriaminutodedios.com\/index.php?rest_route=\/wp\/v2\/product\/18683","targetHints":{"allow":["GET"]}}],"collection":[{"href":"https:\/\/libreriaminutodedios.com\/index.php?rest_route=\/wp\/v2\/product"}],"about":[{"href":"https:\/\/libreriaminutodedios.com\/index.php?rest_route=\/wp\/v2\/types\/product"}],"replies":[{"embeddable":true,"href":"https:\/\/libreriaminutodedios.com\/index.php?rest_route=%2Fwp%2Fv2%2Fcomments&post=18683"}],"wp:featuredmedia":[{"embeddable":true,"href":"https:\/\/libreriaminutodedios.com\/index.php?rest_route=\/wp\/v2\/media\/18684"}],"wp:attachment":[{"href":"https:\/\/libreriaminutodedios.com\/index.php?rest_route=%2Fwp%2Fv2%2Fmedia&parent=18683"}],"wp:term":[{"taxonomy":"product_brand","embeddable":true,"href":"https:\/\/libreriaminutodedios.com\/index.php?rest_route=%2Fwp%2Fv2%2Fproduct_brand&post=18683"},{"taxonomy":"product_cat","embeddable":true,"href":"https:\/\/libreriaminutodedios.com\/index.php?rest_route=%2Fwp%2Fv2%2Fproduct_cat&post=18683"},{"taxonomy":"product_tag","embeddable":true,"href":"https:\/\/libreriaminutodedios.com\/index.php?rest_route=%2Fwp%2Fv2%2Fproduct_tag&post=18683"}],"curies":[{"name":"wp","href":"https:\/\/api.w.org\/{rel}","templated":true}]}}