{"id":115,"date":"2021-03-10T09:52:26","date_gmt":"2021-03-10T14:52:26","guid":{"rendered":"https:\/\/libreriaminutodedios.com\/?post_type=product&#038;p=115"},"modified":"2025-08-16T11:35:09","modified_gmt":"2025-08-16T16:35:09","slug":"sanacion-integral","status":"publish","type":"product","link":"https:\/\/libreriaminutodedios.com\/?product=sanacion-integral","title":{"rendered":"Sanaci\u00f3n Integral"},"content":{"rendered":"<p>Para acompa\u00f1ar el caminar cristiano y el crecimiento de la relaci\u00f3n con el Se\u00f1or, el padre Diego Jaramillo ofrece unas reflexiones acerca de la sanaci\u00f3n integral del ser humano, entendida como parte de las gracias recibidas en la pascua de Jesucristo.<br \/>\nA trav\u00e9s de estos diez cap\u00edtulos, el padre Diego nos ilustra como a trav\u00e9s de los evangelios, se le da un lugar privilegiado a la sanaci\u00f3n, \u201cla sanaci\u00f3n pertenece a la esencia misma de la iglesia\u201d, invitando a vivir la presencia actuante de Jes\u00fas en cada espacio de la vida, sabiendo que, \u201cen el don del Esp\u00edritu Santo, se originan todos los carismas que enriquecen la comunidad cristiana\u201d.<\/p>\n","protected":false},"excerpt":{"rendered":"<p>Para acompa\u00f1ar el caminar cristiano y el crecimiento de la relaci\u00f3n con el Se\u00f1or, el padre Diego Jaramillo ofrece unas reflexiones acerca de la sanaci\u00f3n integral del ser humano, entendida como parte de las gracias recibidas en la pascua de Jesucristo.<br \/>\nA trav\u00e9s de estos diez cap\u00edtulos, el padre Diego nos ilustra como a trav\u00e9s de los evangelios, se le da un lugar privilegiado a la sanaci\u00f3n, \u201cla sanaci\u00f3n pertenece a la esencia misma de la iglesia\u201d, invitando a vivir la presencia actuante de Jes\u00fas en cada espacio de la vida, sabiendo que, \u201cen el don del Esp\u00edritu Santo, se originan todos los carismas que enriquecen la comunidad cristiana\u201d.<\/p>\n","protected":false},"featured_media":11615,"comment_status":"open","ping_status":"closed","template":"","meta":{"_acf_changed":false},"product_brand":[],"product_cat":[162,615,616,624],"product_tag":[111,112,490,50,110],"class_list":{"0":"post-115","1":"product","2":"type-product","3":"status-publish","4":"has-post-thumbnail","6":"product_cat-libros","7":"product_cat-colecciones","8":"product_cat-crecer","9":"product_cat-editorial-minuto-de-dios","10":"product_tag-reconciliarse-con-dios","11":"product_tag-sanacion","12":"product_tag-editorial-md","13":"product_tag-crecer","14":"product_tag-reconciliarse","16":"first","17":"instock","18":"purchasable","19":"product-type-simple"},"acf":[],"yoast_head":"<!-- This site is optimized with the Yoast SEO plugin v27.6 - https:\/\/yoast.com\/product\/yoast-seo-wordpress\/ -->\n<title>Sanaci\u00f3n Integral - Librer\u00eda Minuto de Dios<\/title>\n<meta name=\"robots\" content=\"index, follow, max-snippet:-1, max-image-preview:large, max-video-preview:-1\" \/>\n<link rel=\"canonical\" href=\"https:\/\/libreriaminutodedios.com\/producto\/sanacion-integral\/\" \/>\n<meta property=\"og:locale\" content=\"es_ES\" \/>\n<meta property=\"og:type\" content=\"article\" \/>\n<meta property=\"og:title\" content=\"Sanaci\u00f3n Integral - Librer\u00eda Minuto de Dios\" \/>\n<meta property=\"og:description\" content=\"Para acompa\u00f1ar el caminar cristiano y el crecimiento de la relaci\u00f3n con el Se\u00f1or, el padre Diego Jaramillo ofrece unas reflexiones acerca de la sanaci\u00f3n integral del ser humano, entendida como parte de las gracias recibidas en la pascua de Jesucristo. A trav\u00e9s de estos diez cap\u00edtulos, el padre Diego nos ilustra como a trav\u00e9s de los evangelios, se le da un lugar privilegiado a la sanaci\u00f3n, \u201cla sanaci\u00f3n pertenece a la esencia misma de la iglesia\u201d, invitando a vivir la presencia actuante de Jes\u00fas en cada espacio de la vida, sabiendo que, \u201cen el don del Esp\u00edritu Santo, se originan todos los carismas que enriquecen la comunidad cristiana\u201d.\" \/>\n<meta property=\"og:url\" content=\"https:\/\/libreriaminutodedios.com\/producto\/sanacion-integral\/\" \/>\n<meta property=\"og:site_name\" content=\"Librer\u00eda Minuto de Dios\" \/>\n<meta property=\"article:modified_time\" content=\"2025-08-16T16:35:09+00:00\" \/>\n<meta property=\"og:image\" content=\"https:\/\/libreriaminutodedios.com\/wp-content\/uploads\/2021\/03\/Sanacion-integral-3.png\" \/>\n\t<meta property=\"og:image:width\" content=\"1000\" \/>\n\t<meta property=\"og:image:height\" content=\"1000\" \/>\n\t<meta property=\"og:image:type\" content=\"image\/png\" \/>\n<meta name=\"twitter:card\" content=\"summary_large_image\" \/>\n<meta name=\"twitter:label1\" content=\"Tiempo de lectura\" \/>\n\t<meta name=\"twitter:data1\" content=\"1 minuto\" \/>\n<script type=\"application\/ld+json\" class=\"yoast-schema-graph\">{\"@context\":\"https:\\\/\\\/schema.org\",\"@graph\":[{\"@type\":\"WebPage\",\"@id\":\"https:\\\/\\\/libreriaminutodedios.com\\\/producto\\\/sanacion-integral\\\/\",\"url\":\"https:\\\/\\\/libreriaminutodedios.com\\\/producto\\\/sanacion-integral\\\/\",\"name\":\"Sanaci\u00f3n Integral - Librer\u00eda Minuto de Dios\",\"isPartOf\":{\"@id\":\"https:\\\/\\\/libreriaminutodedios.com\\\/#website\"},\"primaryImageOfPage\":{\"@id\":\"https:\\\/\\\/libreriaminutodedios.com\\\/producto\\\/sanacion-integral\\\/#primaryimage\"},\"image\":{\"@id\":\"https:\\\/\\\/libreriaminutodedios.com\\\/producto\\\/sanacion-integral\\\/#primaryimage\"},\"thumbnailUrl\":\"https:\\\/\\\/libreriaminutodedios.com\\\/wp-content\\\/uploads\\\/2021\\\/03\\\/Sanacion-integral-3.png\",\"datePublished\":\"2021-03-10T14:52:26+00:00\",\"dateModified\":\"2025-08-16T16:35:09+00:00\",\"breadcrumb\":{\"@id\":\"https:\\\/\\\/libreriaminutodedios.com\\\/producto\\\/sanacion-integral\\\/#breadcrumb\"},\"inLanguage\":\"es\",\"potentialAction\":[{\"@type\":\"ReadAction\",\"target\":[\"https:\\\/\\\/libreriaminutodedios.com\\\/producto\\\/sanacion-integral\\\/\"]}]},{\"@type\":\"ImageObject\",\"inLanguage\":\"es\",\"@id\":\"https:\\\/\\\/libreriaminutodedios.com\\\/producto\\\/sanacion-integral\\\/#primaryimage\",\"url\":\"https:\\\/\\\/libreriaminutodedios.com\\\/wp-content\\\/uploads\\\/2021\\\/03\\\/Sanacion-integral-3.png\",\"contentUrl\":\"https:\\\/\\\/libreriaminutodedios.com\\\/wp-content\\\/uploads\\\/2021\\\/03\\\/Sanacion-integral-3.png\",\"width\":1000,\"height\":1000},{\"@type\":\"BreadcrumbList\",\"@id\":\"https:\\\/\\\/libreriaminutodedios.com\\\/producto\\\/sanacion-integral\\\/#breadcrumb\",\"itemListElement\":[{\"@type\":\"ListItem\",\"position\":1,\"name\":\"Portada\",\"item\":\"https:\\\/\\\/libreriaminutodedios.com\\\/\"},{\"@type\":\"ListItem\",\"position\":2,\"name\":\"Tienda\",\"item\":\"https:\\\/\\\/libreriaminutodedios.com\\\/?page_id=2895\"},{\"@type\":\"ListItem\",\"position\":3,\"name\":\"Sanaci\u00f3n Integral\"}]},{\"@type\":\"WebSite\",\"@id\":\"https:\\\/\\\/libreriaminutodedios.com\\\/#website\",\"url\":\"https:\\\/\\\/libreriaminutodedios.com\\\/\",\"name\":\"Librer\u00eda Minuto de Dios\",\"description\":\"Sitio oficial de la Librer\u00eda Minuto de Dios\",\"publisher\":{\"@id\":\"https:\\\/\\\/libreriaminutodedios.com\\\/#organization\"},\"alternateName\":\"Tienda Minuto de Dios\",\"potentialAction\":[{\"@type\":\"SearchAction\",\"target\":{\"@type\":\"EntryPoint\",\"urlTemplate\":\"https:\\\/\\\/libreriaminutodedios.com\\\/?s={search_term_string}\"},\"query-input\":{\"@type\":\"PropertyValueSpecification\",\"valueRequired\":true,\"valueName\":\"search_term_string\"}}],\"inLanguage\":\"es\"},{\"@type\":\"Organization\",\"@id\":\"https:\\\/\\\/libreriaminutodedios.com\\\/#organization\",\"name\":\"Corporaci\u00f3n Centro Carism\u00e1tico Minuto de Dios\",\"alternateName\":\"Minuto de Dios\",\"url\":\"https:\\\/\\\/libreriaminutodedios.com\\\/\",\"logo\":{\"@type\":\"ImageObject\",\"inLanguage\":\"es\",\"@id\":\"https:\\\/\\\/libreriaminutodedios.com\\\/#\\\/schema\\\/logo\\\/image\\\/\",\"url\":\"https:\\\/\\\/libreriaminutodedios.com\\\/wp-content\\\/uploads\\\/2024\\\/09\\\/logo-libreria.png\",\"contentUrl\":\"https:\\\/\\\/libreriaminutodedios.com\\\/wp-content\\\/uploads\\\/2024\\\/09\\\/logo-libreria.png\",\"width\":400,\"height\":138,\"caption\":\"Corporaci\u00f3n Centro Carism\u00e1tico Minuto de Dios\"},\"image\":{\"@id\":\"https:\\\/\\\/libreriaminutodedios.com\\\/#\\\/schema\\\/logo\\\/image\\\/\"}}]}<\/script>\n<!-- \/ Yoast SEO plugin. -->","yoast_head_json":{"title":"Sanaci\u00f3n Integral - Librer\u00eda Minuto de Dios","robots":{"index":"index","follow":"follow","max-snippet":"max-snippet:-1","max-image-preview":"max-image-preview:large","max-video-preview":"max-video-preview:-1"},"canonical":"https:\/\/libreriaminutodedios.com\/producto\/sanacion-integral\/","og_locale":"es_ES","og_type":"article","og_title":"Sanaci\u00f3n Integral - Librer\u00eda Minuto de Dios","og_description":"Para acompa\u00f1ar el caminar cristiano y el crecimiento de la relaci\u00f3n con el Se\u00f1or, el padre Diego Jaramillo ofrece unas reflexiones acerca de la sanaci\u00f3n integral del ser humano, entendida como parte de las gracias recibidas en la pascua de Jesucristo. A trav\u00e9s de estos diez cap\u00edtulos, el padre Diego nos ilustra como a trav\u00e9s de los evangelios, se le da un lugar privilegiado a la sanaci\u00f3n, \u201cla sanaci\u00f3n pertenece a la esencia misma de la iglesia\u201d, invitando a vivir la presencia actuante de Jes\u00fas en cada espacio de la vida, sabiendo que, \u201cen el don del Esp\u00edritu Santo, se originan todos los carismas que enriquecen la comunidad cristiana\u201d.","og_url":"https:\/\/libreriaminutodedios.com\/producto\/sanacion-integral\/","og_site_name":"Librer\u00eda Minuto de Dios","article_modified_time":"2025-08-16T16:35:09+00:00","og_image":[{"width":1000,"height":1000,"url":"https:\/\/libreriaminutodedios.com\/wp-content\/uploads\/2021\/03\/Sanacion-integral-3.png","type":"image\/png"}],"twitter_card":"summary_large_image","twitter_misc":{"Tiempo de lectura":"1 minuto"},"schema":{"@context":"https:\/\/schema.org","@graph":[{"@type":"WebPage","@id":"https:\/\/libreriaminutodedios.com\/producto\/sanacion-integral\/","url":"https:\/\/libreriaminutodedios.com\/producto\/sanacion-integral\/","name":"Sanaci\u00f3n Integral - Librer\u00eda Minuto de Dios","isPartOf":{"@id":"https:\/\/libreriaminutodedios.com\/#website"},"primaryImageOfPage":{"@id":"https:\/\/libreriaminutodedios.com\/producto\/sanacion-integral\/#primaryimage"},"image":{"@id":"https:\/\/libreriaminutodedios.com\/producto\/sanacion-integral\/#primaryimage"},"thumbnailUrl":"https:\/\/libreriaminutodedios.com\/wp-content\/uploads\/2021\/03\/Sanacion-integral-3.png","datePublished":"2021-03-10T14:52:26+00:00","dateModified":"2025-08-16T16:35:09+00:00","breadcrumb":{"@id":"https:\/\/libreriaminutodedios.com\/producto\/sanacion-integral\/#breadcrumb"},"inLanguage":"es","potentialAction":[{"@type":"ReadAction","target":["https:\/\/libreriaminutodedios.com\/producto\/sanacion-integral\/"]}]},{"@type":"ImageObject","inLanguage":"es","@id":"https:\/\/libreriaminutodedios.com\/producto\/sanacion-integral\/#primaryimage","url":"https:\/\/libreriaminutodedios.com\/wp-content\/uploads\/2021\/03\/Sanacion-integral-3.png","contentUrl":"https:\/\/libreriaminutodedios.com\/wp-content\/uploads\/2021\/03\/Sanacion-integral-3.png","width":1000,"height":1000},{"@type":"BreadcrumbList","@id":"https:\/\/libreriaminutodedios.com\/producto\/sanacion-integral\/#breadcrumb","itemListElement":[{"@type":"ListItem","position":1,"name":"Portada","item":"https:\/\/libreriaminutodedios.com\/"},{"@type":"ListItem","position":2,"name":"Tienda","item":"https:\/\/libreriaminutodedios.com\/?page_id=2895"},{"@type":"ListItem","position":3,"name":"Sanaci\u00f3n Integral"}]},{"@type":"WebSite","@id":"https:\/\/libreriaminutodedios.com\/#website","url":"https:\/\/libreriaminutodedios.com\/","name":"Librer\u00eda Minuto de Dios","description":"Sitio oficial de la Librer\u00eda Minuto de Dios","publisher":{"@id":"https:\/\/libreriaminutodedios.com\/#organization"},"alternateName":"Tienda Minuto de Dios","potentialAction":[{"@type":"SearchAction","target":{"@type":"EntryPoint","urlTemplate":"https:\/\/libreriaminutodedios.com\/?s={search_term_string}"},"query-input":{"@type":"PropertyValueSpecification","valueRequired":true,"valueName":"search_term_string"}}],"inLanguage":"es"},{"@type":"Organization","@id":"https:\/\/libreriaminutodedios.com\/#organization","name":"Corporaci\u00f3n Centro Carism\u00e1tico Minuto de Dios","alternateName":"Minuto de Dios","url":"https:\/\/libreriaminutodedios.com\/","logo":{"@type":"ImageObject","inLanguage":"es","@id":"https:\/\/libreriaminutodedios.com\/#\/schema\/logo\/image\/","url":"https:\/\/libreriaminutodedios.com\/wp-content\/uploads\/2024\/09\/logo-libreria.png","contentUrl":"https:\/\/libreriaminutodedios.com\/wp-content\/uploads\/2024\/09\/logo-libreria.png","width":400,"height":138,"caption":"Corporaci\u00f3n Centro Carism\u00e1tico Minuto de Dios"},"image":{"@id":"https:\/\/libreriaminutodedios.com\/#\/schema\/logo\/image\/"}}]}},"_links":{"self":[{"href":"https:\/\/libreriaminutodedios.com\/index.php?rest_route=\/wp\/v2\/product\/115","targetHints":{"allow":["GET"]}}],"collection":[{"href":"https:\/\/libreriaminutodedios.com\/index.php?rest_route=\/wp\/v2\/product"}],"about":[{"href":"https:\/\/libreriaminutodedios.com\/index.php?rest_route=\/wp\/v2\/types\/product"}],"replies":[{"embeddable":true,"href":"https:\/\/libreriaminutodedios.com\/index.php?rest_route=%2Fwp%2Fv2%2Fcomments&post=115"}],"wp:featuredmedia":[{"embeddable":true,"href":"https:\/\/libreriaminutodedios.com\/index.php?rest_route=\/wp\/v2\/media\/11615"}],"wp:attachment":[{"href":"https:\/\/libreriaminutodedios.com\/index.php?rest_route=%2Fwp%2Fv2%2Fmedia&parent=115"}],"wp:term":[{"taxonomy":"product_brand","embeddable":true,"href":"https:\/\/libreriaminutodedios.com\/index.php?rest_route=%2Fwp%2Fv2%2Fproduct_brand&post=115"},{"taxonomy":"product_cat","embeddable":true,"href":"https:\/\/libreriaminutodedios.com\/index.php?rest_route=%2Fwp%2Fv2%2Fproduct_cat&post=115"},{"taxonomy":"product_tag","embeddable":true,"href":"https:\/\/libreriaminutodedios.com\/index.php?rest_route=%2Fwp%2Fv2%2Fproduct_tag&post=115"}],"curies":[{"name":"wp","href":"https:\/\/api.w.org\/{rel}","templated":true}]}}